 (base 13) to base 14.
0
Convert 1001 (base 3) to base 11.
26
Convert -76 (base 10) to base 13.
-5b
Convert 12 (base 3) to base 7.
5
What is 110 (base 4) in base 5?
40
Convert -1001101 (base 2) to base 8.
-115
-21 (base 3) to base 14
-7
2 (base 6) to base 10
2
27 (base 15) to base 14
29
-85 (base 11) to base 7
-162
-1011 (base 3) to base 14
-23
-20 (base 4) to base 6
-12
2 (base 14) to base 8
2
-160 (base 7) to base 14
-67
0 (base 7) to base 14
0
What is -122 (base 5) in base 2?
-100101
Convert -3 (base 10) to base 8.
-3
Convert 11 (base 4) to base 15.
5
-6 (base 13) to base 12
-6
Convert 103 (base 6) to base 15.
29
8 (base 13) to base 15
8
Convert -15 (base 12) to base 13.
-14
-2 (base 3) to base 6
-2
Convert 64 (base 8) to base 15.
37
What is -10111 (base 2) in base 9?
-25
What is -10011 (base 2) in base 6?
-31
12 (base 15) to base 13
14
Convert -122 (base 9) to base 2.
-1100101
What is -4 (base 14) in base 6?
-4
What is 2 (base 8) in base 2?
10
What is -3 (base 5) in base 16?
-3
Convert -10 (base 10) to base 9.
-11
What is 0 (base 12) in base 14?
0
Convert -4 (base 12) to base 7.
-4
Convert 4 (base 15) to base 5.
4
-b6 (base 16) to base 13
-110
7 (base 16) to base 8
7
-30 (base 8) to base 13
-1b
What is -1011 (base 2) in base 9?
-12
What is -26 (base 14) in base 3?
-1021
-1041 (base 6) to base 4
-3301
Convert -61 (base 12) to base 15.
-4d
Convert -99 (base 11) to base 5.
-413
Convert -1 (base 8) to base 6.
-1
Convert -100 (base 2) to base 3.
-11
Convert -221 (base 3) to base 14.
-1b
-13 (base 6) to base 12
-9
Convert -c (base 14) to base 12.
-10
Convert -1 (base 14) to base 16.
-1
Convert -4 (base 15) to base 6.
-4
What is 107 (base 11) in base 7?
242
-11 (base 2) to base 11
-3
8 (base 16) to base 5
13
Convert 10101 (base 2) to base 16.
15
Convert 1045 (base 6) to base 2.
11110101
4 (base 13) to base 14
4
What is 4 (base 6) in base 2?
100
What is -18 (base 9) in base 12?
-15
What is 36 (base 10) in base 15?
26
What is -60 (base 8) in base 2?
-110000
What is 20 (base 3) in base 4?
12
210 (base 3) to base 13
18
What is 100 (base 2) in base 12?
4
Convert 6 (base 15) to base 9.
6
Convert 2 (base 3) to base 16.
2
What is 104 (base 5) in base 12?
25
What is 5c (base 14) in base 15?
57
What is 341 (base 5) in base 13?
75
What is 6 (base 9) in base 10?
6
140 (base 8) to base 13
75
1 (base 11) to base 7
1
-2 (base 4) to base 14
-2
What is 11 (base 2) in base 7?
3
What is 5 (base 11) in base 4?
11
Convert 7 (base 8) to base 11.
7
What is -3 (base 11) in base 8?
-3
What is 7 (base 15) in base 9?
7
Convert -111 (base 5) to base 10.
-31
Convert -221 (base 4) to base 8.
-51
What is 102101 (base 3) in base 11?
25a
What is 12 (base 6) in base 7?
11
Convert -12 (base 14) to base 9.
-17
What is -1 (base 10) in base 2?
-1
2 (base 10) to base 8
2
Convert e (base 16) to base 7.
20
Convert 7a (base 11) to base 15.
5c
Convert 23 (base 7) to base 10.
17
Convert 1 (base 11) to base 12.
1
Convert -119 (base 13) to base 10.
-191
What is -143 (base 6) in base 10?
-63
5 (base 13) to base 16
5
-3 (base 6) to base 13
-3
Convert -1112 (base 3) to base 4.
-221
Convert 3 (base 13) to base 14.
3
What is -61 (base 8) in base 13?
-3a
Convert -2 (base 8) to base 3.
-2
-4 (base 16) to base 9
-4
-92 (base 13) to base 15
-7e
What is 3 (base 7) in base 13?
3
Convert 11 (base 6) to base 13.
7
What is 21 (base 3) in base 16?
7
-3b (base 12) to base 4
-233
What is 0 (base 2) in base 9?
0
Convert -9 (base 16) to base 11.
-9
What is c (base 15) in base 8?
14
What is 1 (base 7) in base 9?
1
What is -f7 (base 16) in base 12?
-187
-168 (base 12) to base 2
-11100000
What is -110 (base 7) in base 2?
-111000
What is 3 (base 10) in base 13?
3
Convert -5 (base 12) to base 14.
-5
Convert 18 (base 15) to base 2.
10111
-5 (base 13) to base 7
-5
What is 100010 (base 2) in base 9?
37
-1 (base 2) to base 6
-1
110001 (base 2) to base 9
54
What is -3 (base 5) in base 8?
-3
What is -2 (base 12) in base 7?
-2
44 (base 11) to base 14
36
-1 (base 9) to base 3
-1
6 (base 10) to base 3
20
Convert 110 (base 2) to base 3.
20
-3 (base 10) to base 9
-3
What is 30 (base 4) in base 16?
c
What is -6 (base 10) in base 15?
-6
-20 (base 4) to base 2
-1000
Convert -223 (base 7) to base 3.
-11021
1 (base 3) to base 4
1
Convert -200 (base 8) to base 11.
-107
Convert 21 (base 6) to base 7.
16
Convert -100 (base 2) to base 4.
-10
-1 (base 8) to base 13
-1
What is -10 (base 14) in base 9?
-15
Convert 10 (base 5) to base 12.
5
-3 (base 4) to base 10
-3
-1a (base 15) to base 14
-1b
Convert 9 (base 14) to base 8.
11
What is -131 (base 14) in base 6?
-1035
-2024 (base 5) to base 12
-1a0
5 (base 12) to base 7
5
What is 0 (base 9) in base 11?
0
Convert 1e (base 16) to base 8.
36
What is -354 (base 7) in base 12?
-136
-3 (base 5) to base 11
-3
-22 (base 3) to base 11
-8
What is -1 (base 7) in base 12?
-1
What is 52 (base 6) in base 10?
32
-17 (base 15) to base 16
-16
What is -2 (base 14) in base 9?
-2
21 (base 15) to base 3
1011
Convert -5 (base 7) to base 9.
-5
What is -20 (base 3) in base 5?
-11
What is -2 (base 7) in base 3?
-2
What is -31a (base 11) in base 13?
-237
What is 202 (base 3) in base 13?
17
What is 3 (base 10) in base 11?
3
What is 254 (base 6) in base 8?
152
Convert -1322 (base 4) to base 9.
-145
What is -1001 (base 3) in base 13?
-22
Convert -3 (base 8) to base 6.
-3
What is 17 (base 10) in base 9?
18
Convert -34 (base 14) to base 10.
-46
What is 5 (base 12) in base 6?
5
What is 0 (base 10) in base 13?
0
4 (base 12) to base 4
10
-162 (base 11) to base 15
-c9
-1100 (base 2) to base 10
-12
What is 4 (base 5) in base 11?
4
What is -32 (base 12) in base 15?
-28
Convert -2 (base 16) to base 7.
-2
What is -320 (base 7) in base 4?
-2201
Convert -115 (base 7) to base 15.
-41
Convert 242 (base 5) to base 6.
200
Convert -3 (base 12) to base 11.
-3
Convert -2 (base 15) to base 13.
-2
Convert 37 (base 8) to base 5.
111
10011110 (base 2) to base 11
134
-22 (base 3) to base 12
-8
What is -27 (base 10) in base 2?
-11011
Convert -2 (base 14) to base 6.
-2
What is 9 (base 13) in base 6?
13
What is 4 (base 7) in base 6?
4
1 (base 11) to base 7
1
What is 1100 (base 2) in base 6?
20
What is 1 (base 15) in base 4?
1
11 (base 2) to base 12
3
What is 100100 (base 2) in base 11?
33
-622 (base 7) to base 12
-21a
Convert -225 (base 12) to base 7.
-632
What is -10b (base 13) in base 4?
-2310
Convert 4a (base 14) to base 8.
102
Convert 122 (base 13) to base 7.
401
3 (base 14) to base 3
10
-132 (base 5) to base 2
-101010
Convert -50 (base 7) to base 13.
-29
What is 3 (base 9) in base 6?
3
What is -3 (base 14) in base 6?
-3
3 (base 13) to base 4
3
What is -101100 (base 2) in base 5?
-134
-4 (base 11) to base 9
-4
Convert -2 (base 13) to base 3.
-2
11 (base 2) to base 5
3
Convert -15 (base 8) to base 2.
-1101
Convert -22 (base 3) to base 12.
-8
Convert 0 (base 15) to base 9.
0
33 (base 11) to base 14
28
What is -11 (base 3) in base 4?
-10
10 (base 2) to base 13
2
2 (base 11) to base 14
2
What is -35 (base 7) in base 8?
-32
-111 (base 10) to base 9
-133
Convert -31 (base 13) to base 4.
-220
Convert 11001 (base 2) to base 14.
1b
What is 11 (base 11) in base 2?
1100
Convert 110 (base 2) to base 12.
6
What is 7a (base 16) in base 10?
122
-25 (base 16) to base 3
-1101
What is 38 (base 11) in base 2?
101001
10 (base 6) to base 7
6
2 (base 4) to base 6
2
What is 2 (base 12) in base 2?
10
What is 7 (base 9) in base 8?
7
What is -4 (base 16) in base 7?
-4
What is -2 (base 5) in base 10?
-2
-2101 (base 3) to base 10
-64
-26 (base 12) to base 13
-24
5 (base 14) to base 5
10
What is 1102 (base 3) in base 15?
28
What is -26 (base 7) in base 10?
-20
12 (base 3) to base 9
5
-3 (base 4) to base 8
-3
-b0 (base 14) to base 2
-10011010
-103 (base 5) to base 10
-28
-12 (base 13) to base 10
-15
1 (base 5) to base 4
1
Convert 0 (base 15) to base 4.
0
2 (base 10) to base 14
2
3 (base 5) to base 10
3
Convert 50 (base 7) to base 3.
1022
-10001 (base 2) to base 5
-32
What is 12 (base 9) in base 2?
1011
What is -2 (base 3) in base 4?
-2
What is 0 (base 12) in base 11?
0
Convert 320 (base 4) to base 2.
111000
Convert -12 (base 7) to base 16.
-9
Convert -2 (base 12) to base 14.
-2
Convert -ba (base 12) to base 11.
-11a
Convert 110 (base 8) to base 5.
242
What is -3 (b